{"id":140,"date":"2023-12-09T08:31:19","date_gmt":"2023-12-09T13:31:19","guid":{"rendered":"https:\/\/extractivas.propuestaciudadana.org.pe\/reporte-2022\/?page_id=140"},"modified":"2023-12-27T12:59:28","modified_gmt":"2023-12-27T17:59:28","slug":"vph","status":"publish","type":"page","link":"https:\/\/extractivas.propuestaciudadana.org.pe\/reporte-2022\/generacion-renta-sector-extractivo\/generacion-renta-hidrocarburo\/vph\/","title":{"rendered":"2.4. El valor de la producci\u00f3n de hidrocarburos"},"content":{"rendered":"<p>El&nbsp;valor de la producci&oacute;n de hidrocarburos (VPH)&nbsp;correspondiente al 2021 sum&oacute; S\/ 16,331, lo cual representa la segunda estimaci&oacute;n m&aacute;s alta registrada de este indicador y es superior en 145 % frente a la cifra del 2020.<\/p>\n\n\n<div class=\"widget\"><div class=\"wp-block-group grafica\"><div class=\"wp-block-group__inner-container is-layout-constrained wp-block-group-is-layout-constrained\">\n    <script type=\"text\/javascript\">\n        if (typeof (wpDataCharts) == 'undefined') wpDataCharts = {};\n        wpDataCharts[30] = {\n            render_data: {\"wdtNumberFormat\":\"2\",\"options\":{\"title\":{\"text\":\"Valor de la producci\\u00f3n de hidrocarburos seg\\u00fan tipo de recurso, 2001-2021\",\"floating\":false,\"align\":\"center\"},\"series\":[{\"type\":\"\",\"name\":\"LGN\",\"color\":\"#00AFC0\",\"label\":\"LGN\",\"orig_header\":\"lgn\",\"data\":[121,120,147,558,1811,2147,2377,2995,3310,5189,6354,5293,5919,6134,2854,2919,3718,4306,3071,2266,5627]},{\"type\":\"\",\"name\":\"Gas\",\"color\":\"#8A76B6\",\"label\":\"Gas\",\"orig_header\":\"gas\",\"data\":[104,121,161,288,372,489,669,871,800,1323,3170,3338,3136,2410,2349,2543,2544,3730,2722,2438,7128]},{\"type\":\"\",\"name\":\"Petr\\u00f3leo\",\"color\":\"#1D659E\",\"label\":\"Petr\\u00f3leo\",\"orig_header\":\"petrleo\",\"data\":[2396,2692,2892,3108,4265,5212,5485,7112,4384,5549,7307,6887,6253,6329,3018,1897,2512,3655,3752,1966,3556]}],\"xAxis\":{\"categories\":[\"2001\",\"2002\",\"2003\",\"2004\",\"2005\",\"2006\",\"2007\",\"2008\",\"2009\",\"2010\",\"2011\",\"2012\",\"2013\",\"2014\",\"2015\",\"2016\",\"2017\",\"2018\",\"2019\",\"2020\",\"2021\"],\"crosshair\":false},\"chart\":{\"backgroundColor\":\"\",\"borderWidth\":0,\"borderColor\":\"\",\"borderRadius\":0,\"zoomType\":\"none\",\"panning\":false,\"panKey\":\"shift\",\"plotBackgroundColor\":\"\",\"plotBackgroundImage\":\"\",\"plotBorderColor\":\"\",\"plotBorderWidth\":0,\"inverted\":false},\"yAxis\":{\"gridLineDashStyle\":\"solid\",\"crosshair\":false},\"subtitle\":{\"text\":\"(en millones de soles)\",\"align\":\"center\"},\"tooltip\":{\"enabled\":true,\"backgroundColor\":\"rgba(255, 255, 255, 0.85)\",\"borderWidth\":\"0\",\"borderColor\":\"\",\"borderRadius\":\"3\",\"shared\":true,\"valuePrefix\":\"\",\"valueSuffix\":\"M\"},\"legend\":{\"enabled\":true,\"backgroundColor\":\"\",\"title\":{\"text\":\"\"},\"layout\":\"horizontal\",\"align\":\"center\",\"verticalAlign\":\"bottom\",\"borderWidth\":\"0\",\"borderColor\":\"\",\"borderRadius\":\"0\"},\"exporting\":{\"enabled\":false,\"chartOptions\":{\"plotOptions\":{\"series\":{\"dataLabels\":{\"enabled\":false}}}},\"filename\":\"\",\"width\":\"\",\"buttons\":{\"contextButton\":{\"align\":\"right\",\"verticalAlign\":\"top\",\"symbolStroke\":\"#666\",\"text\":\"\"}}},\"credits\":{\"enabled\":false,\"href\":\"https:\\\/\\\/www.highcharts.com\",\"text\":\"Highcharts.com\"}},\"type\":\"highcharts_stacked_column_chart\",\"height\":400},\n            engine: \"highcharts\",\n            type: \"highcharts_stacked_column_chart\",\n            title: \"Valor de la producci\u00f3n de hidrocarburos seg\u00fan tipo de recurso, 2001-2021\",\n            container: \"wpDataChart_30\",\n            follow_filtering: 0,\n            wpdatatable_id: 89,\n            group_chart: 0        }\n    <\/script>\n\n    <div id=\"wpDataChart_30\" class=\"highcharts_stacked_column_chart\" style=\"width: 100%\"><\/div>\n<script>jQuery(window).on('load',function(){if(typeof wpDataChartsCallbacks == 'undefined'){ wpDataChartsCallbacks = {}; }wpDataChartsCallbacks[30] = function(obj){\n\t\t\t\t\tobj.options.plotOptions = {\n  \t\t\t\t\tseries: {\n  \t\t\t\t\t\tstacking: 'normal',\n  \t\t\t\t\t\tborderWidth: 0,\n  \t\t\t\t\t\tborderRadius: 0,\n  \t\t\t\t\t}\n  \t\t\t\t}\n\t\t\t\tobj.options.yAxis = { \n\t\t\t\t\ttitle: { \n\t\t\t\t\t\tenabled: false \n\t\t\t\t\t}, \n\t\t\t\t\tlabels: { \n\t\t\t\t\t\tformatter: function () { \n\t\t\t\t\t\t\treturn '' + Highcharts.numberFormat(this.value, 0) + 'M'; \n\t\t\t\t\t\t} \n\t\t\t\t\t},\n\t\t\t\t\t\t\t\tstackLabels: {\n    \t\t\t\t\t\tenabled: true,\n    \t\t\t\t\t\talign: 'center',\n    \t\t\t\t\t\tformatter: function () { \n\t\t\t\t\t\t\t\t\treturn Highcharts.numberFormat(this.total, 0) + 'M';\n\t\t\t\t\t\t\t\t},\n\t\t\t\t\t\t\t\tstyle: {\n\t\t\t\t\t\t\t\t\tfontWeight: 'ligther',\n\t\t\t\t\t\t\t\t\tborderWidth: 0,\n\t\t\t\t\t\t\t\t\tcolor: '#333333',\n\t\t\t\t\t\t\t\t\ttextOutline: 0,\n\t\t\t\t\t\t\t\t},\n\t\t\t\t\t\t\t},\n\t\t\t\t\tmin: 0, \n\t\t\t\t\tmax: null, \n\t\t\t\t}}});<\/script><div class=\"wp-block-group fuente\"><p class=\"has-text-align-right\">PERUPETRO. Elaboraci&oacute;n: GPC.<\/p><\/div><div class=\"wp-block-buttons is-content-justification-right is-layout-flex wp-container-core-buttons-layout-2 wp-block-buttons-is-layout-flex\"><div class=\"wp-block-button\"><a class=\"btn btn-small btn-download\" href=\"https:\/\/extractivas.propuestaciudadana.org.pe\/reporte-2022\/wp-content\/uploads\/sites\/2\/2023\/12\/g27.xlsx\" download=\"\"><i class=\"material-icons right\">file_download<\/i> Datos<\/a><\/div><\/div><\/div><\/div><div class=\"compartir\" data-url=\"https:\/\/extractivas.propuestaciudadana.org.pe\/reporte-2022\/grafico\/valor-de-la-produccion-de-hidrocarburos-segun-tipo-de-recurso-2001-2021\/\"><span class=\"share-text\">Compartir:<\/span><span class=\"social-share facebook\"><img decoding=\"async\" src=\"https:\/\/extractivas.propuestaciudadana.org.pe\/reporte-2022\/wp-content\/themes\/extractivas\/assets\/img\/icon-facebook.png\" alt=\"Facebook\"\/><\/span><span class=\"social-share twitter\"><img decoding=\"async\" src=\"https:\/\/extractivas.propuestaciudadana.org.pe\/reporte-2022\/wp-content\/themes\/extractivas\/assets\/img\/icon-twitter.png\" alt=\"Twitter\"\/><\/span><a href=\"https:\/\/api.whatsapp.com\/send?text=https:\/\/extractivas.propuestaciudadana.org.pe\/reporte-2022\/grafico\/valor-de-la-produccion-de-hidrocarburos-segun-tipo-de-recurso-2001-2021\/\" rel=\"noopener noreferrer\" target=\"_blank\" title=\"Whatsapp\"><img decoding=\"async\" src=\"https:\/\/extractivas.propuestaciudadana.org.pe\/reporte-2022\/wp-content\/themes\/extractivas\/assets\/img\/icon-whatsapp.png\" alt=\"Whatsapp\"\/><\/a><\/div><\/div>\n\n\n\n<h3 class=\"wp-block-heading\"><em>Valor de la producci&oacute;n de hidrocarburos seg&uacute;n regi&oacute;n<\/em><\/h3>\n\n\n\n<p>En el 2021, el mayor aporte al&nbsp;VPH&nbsp;provino de la regi&oacute;n de Cusco, lo cual responde al hecho de ser la regi&oacute;n que aloja el proyecto Camisea, con una contribuci&oacute;n que ascendi&oacute; a S\/ 12,398 millones, los cuales representan el 76 % del total. Le sigue en importancia la regi&oacute;n de Piura, donde se ubican los principales lotes petroleros offshore, con un aporte de S\/ 2,940 millones, que representan el 18 % del&nbsp;VPH.<\/p>\n\n\n<div class=\"widget\"><div class=\"wp-block-group grafica\"><div class=\"wp-block-group__inner-container is-layout-constrained wp-block-group-is-layout-constrained\">\n    <script type=\"text\/javascript\">\n        if (typeof (wpDataCharts) == 'undefined') wpDataCharts = {};\n        wpDataCharts[31] = {\n            render_data: {\"wdtNumberFormat\":\"2\",\"options\":{\"title\":{\"text\":\"Valor de la producci\\u00f3n de hidrocarburos seg\\u00fan regi\\u00f3n, 2001-2021\",\"floating\":false,\"align\":\"center\"},\"series\":[{\"type\":\"\",\"name\":\"Ucayali\",\"color\":\"#0078AF\",\"label\":\"Ucayali\",\"orig_header\":\"ucayali\",\"data\":[155,181,223,284,349,351,364,421,321,307,301,343,259,247,216,149,84,126,96,34,51]},{\"type\":\"\",\"name\":\"Tumbes\",\"color\":\"#00AFC0\",\"label\":\"Tumbes\",\"orig_header\":\"tumbes\",\"data\":[0,0,0,0,0,0,0,203,177,312,412,357,289,497,225,144,146,132,103,7,1]},{\"type\":\"\",\"name\":\"Piura\",\"color\":\"#8A76B6\",\"label\":\"Piura\",\"orig_header\":\"piura\",\"data\":[1028,1017,1135,1381,1993,2585,2811,3892,2657,3292,4431,4298,3892,3795,2085,1705,1985,2673,2722,1730,2940]},{\"type\":\"\",\"name\":\"Loreto\",\"color\":\"#0A90C3\",\"label\":\"Loreto\",\"orig_header\":\"loreto\",\"data\":[1434,1732,1839,1814,2377,2774,2845,3241,1699,2177,2745,2490,2261,2211,747,164,425,877,984,359,798]},{\"type\":\"\",\"name\":\"Hu\\u00e1nuco\",\"color\":\"#F1AB40\",\"label\":\"Hu\\u00e1nuco\",\"orig_header\":\"hunuco\",\"data\":[4,4,4,5,8,8,8,11,7,11,15,13,14,63,175,105,173,219,207,79,123]},{\"type\":\"\",\"name\":\"Cusco\",\"color\":\"#808285\",\"label\":\"Cusco\",\"orig_header\":\"cusco\",\"data\":[0,0,0,468,1722,2131,2504,3209,3633,5963,8926,8018,8594,8058,4773,5092,5961,7664,5435,4460,12398]}],\"xAxis\":{\"categories\":[\"2001\",\"2002\",\"2003\",\"2004\",\"2005\",\"2006\",\"2007\",\"2008\",\"2009\",\"2010\",\"2011\",\"2012\",\"2013\",\"2014\",\"2015\",\"2016\",\"2017\",\"2018\",\"2019\",\"2020\",\"2021\"],\"crosshair\":true},\"chart\":{\"backgroundColor\":\"\",\"borderWidth\":0,\"borderColor\":\"\",\"borderRadius\":0,\"zoomType\":\"none\",\"panning\":false,\"panKey\":\"shift\",\"plotBackgroundColor\":\"\",\"plotBackgroundImage\":\"\",\"plotBorderColor\":\"\",\"plotBorderWidth\":0,\"inverted\":false},\"yAxis\":{\"gridLineDashStyle\":\"solid\",\"crosshair\":false},\"subtitle\":{\"text\":\"(en millones de soles)\",\"align\":\"center\"},\"tooltip\":{\"enabled\":true,\"backgroundColor\":\"rgba(255, 255, 255, 0.85)\",\"borderWidth\":\"0\",\"borderColor\":\"\",\"borderRadius\":\"3\",\"shared\":true,\"valuePrefix\":\"\",\"valueSuffix\":\"M\"},\"legend\":{\"enabled\":true,\"backgroundColor\":\"\",\"title\":{\"text\":\"\"},\"layout\":\"horizontal\",\"align\":\"center\",\"verticalAlign\":\"bottom\",\"borderWidth\":\"0\",\"borderColor\":\"\",\"borderRadius\":\"0\"},\"exporting\":{\"enabled\":false,\"chartOptions\":{\"plotOptions\":{\"series\":{\"dataLabels\":{\"enabled\":false}}}},\"filename\":\"\",\"width\":\"\",\"buttons\":{\"contextButton\":{\"align\":\"right\",\"verticalAlign\":\"top\",\"symbolStroke\":\"#666\",\"text\":\"\"}}},\"credits\":{\"enabled\":false,\"href\":\"https:\\\/\\\/www.highcharts.com\",\"text\":\"Highcharts.com\"}},\"type\":\"highcharts_stacked_column_chart\",\"height\":400},\n            engine: \"highcharts\",\n            type: \"highcharts_stacked_column_chart\",\n            title: \"Valor de la producci\u00f3n de hidrocarburos seg\u00fan regi\u00f3n, 2001-2021\",\n            container: \"wpDataChart_31\",\n            follow_filtering: 0,\n            wpdatatable_id: 90,\n            group_chart: 0        }\n    <\/script>\n\n    <div id=\"wpDataChart_31\" class=\"highcharts_stacked_column_chart\" style=\"width: 100%\"><\/div>\n<script>jQuery(window).on('load',function(){if(typeof wpDataChartsCallbacks == 'undefined'){ wpDataChartsCallbacks = {}; }wpDataChartsCallbacks[31] = function(obj){\n\t\t\t\t\tobj.options.plotOptions = {\n  \t\t\t\t\tseries: {\n  \t\t\t\t\t\tstacking: 'normal',\n  \t\t\t\t\t\tborderWidth: 0,\n  \t\t\t\t\t\tborderRadius: 0,\n  \t\t\t\t\t}\n  \t\t\t\t}\n\t\t\t\tobj.options.yAxis = { \n\t\t\t\t\ttitle: { \n\t\t\t\t\t\tenabled: false \n\t\t\t\t\t}, \n\t\t\t\t\tlabels: { \n\t\t\t\t\t\tformatter: function () { \n\t\t\t\t\t\t\treturn '' + Highcharts.numberFormat(this.value, 0) + 'M'; \n\t\t\t\t\t\t} \n\t\t\t\t\t},\n\t\t\t\t\tmin: 0, \n\t\t\t\t\tmax: null, \n\t\t\t\t}}});<\/script><div class=\"wp-block-group fuente\"><p class=\"has-text-align-right\">PERUPETRO. Elaboraci&oacute;n: GPC.<\/p><\/div><div class=\"wp-block-buttons is-content-justification-right is-layout-flex wp-container-core-buttons-layout-2 wp-block-buttons-is-layout-flex\"><div class=\"wp-block-button\"><a class=\"btn btn-small btn-download\" href=\"https:\/\/extractivas.propuestaciudadana.org.pe\/reporte-2022\/wp-content\/uploads\/sites\/2\/2023\/12\/g28.xlsx\" download=\"\"><i class=\"material-icons right\">file_download<\/i> Datos<\/a><\/div><\/div><\/div><\/div><div class=\"compartir\" data-url=\"https:\/\/extractivas.propuestaciudadana.org.pe\/reporte-2022\/grafico\/valor-de-la-produccion-de-hidrocarburos-segun-region-2001-2021\/\"><span class=\"share-text\">Compartir:<\/span><span class=\"social-share facebook\"><img decoding=\"async\" src=\"https:\/\/extractivas.propuestaciudadana.org.pe\/reporte-2022\/wp-content\/themes\/extractivas\/assets\/img\/icon-facebook.png\" alt=\"Facebook\"\/><\/span><span class=\"social-share twitter\"><img decoding=\"async\" src=\"https:\/\/extractivas.propuestaciudadana.org.pe\/reporte-2022\/wp-content\/themes\/extractivas\/assets\/img\/icon-twitter.png\" alt=\"Twitter\"\/><\/span><a href=\"https:\/\/api.whatsapp.com\/send?text=https:\/\/extractivas.propuestaciudadana.org.pe\/reporte-2022\/grafico\/valor-de-la-produccion-de-hidrocarburos-segun-region-2001-2021\/\" rel=\"noopener noreferrer\" target=\"_blank\" title=\"Whatsapp\"><img decoding=\"async\" src=\"https:\/\/extractivas.propuestaciudadana.org.pe\/reporte-2022\/wp-content\/themes\/extractivas\/assets\/img\/icon-whatsapp.png\" alt=\"Whatsapp\"\/><\/a><\/div><\/div>\n","protected":false},"excerpt":{"rendered":"<p>El&nbsp;valor de la producci&oacute;n de hidrocarburos (VPH)&nbsp;correspondiente al 2021 sum&oacute; S\/ 16,331, lo cual representa la segunda estimaci&oacute;n m&aacute;s alta registrada de este indicador y es superior en 145 % frente a la cifra del 2020. Valor de la producci&oacute;n de hidrocarburos seg&uacute;n regi&oacute;n En el 2021, el mayor aporte al&nbsp;VPH&nbsp;provino de la regi&oacute;n de [&hellip;]<\/p>\n","protected":false},"author":1,"featured_media":0,"parent":118,"menu_order":15,"comment_status":"closed","ping_status":"closed","template":"","meta":{"_acf_changed":false,"footnotes":""},"class_list":["post-140","page","type-page","status-publish","hentry"],"acf":[],"yoast_head":"<!-- This site is optimized with the Yoast SEO plugin v25.5 - https:\/\/yoast.com\/wordpress\/plugins\/seo\/ -->\n<title>Reporte N\u00ba26 - 2.4. El valor de la producci\u00f3n de hidrocarburos<\/title>\n<meta name=\"robots\" content=\"index, follow, max-snippet:-1, max-image-preview:large, max-video-preview:-1\" \/>\n<link rel=\"canonical\" href=\"https:\/\/extractivas.propuestaciudadana.org.pe\/reporte-2022\/generacion-renta-sector-extractivo\/generacion-renta-hidrocarburo\/vph\/\" \/>\n<meta property=\"og:locale\" content=\"es_ES\" \/>\n<meta property=\"og:type\" content=\"article\" \/>\n<meta property=\"og:title\" content=\"Reporte N\u00ba26 - 2.4. El valor de la producci\u00f3n de hidrocarburos\" \/>\n<meta property=\"og:description\" content=\"El&nbsp;valor de la producci&oacute;n de hidrocarburos (VPH)&nbsp;correspondiente al 2021 sum&oacute; S\/ 16,331, lo cual representa la segunda estimaci&oacute;n m&aacute;s alta registrada de este indicador y es superior en 145 % frente a la cifra del 2020. Valor de la producci&oacute;n de hidrocarburos seg&uacute;n regi&oacute;n En el 2021, el mayor aporte al&nbsp;VPH&nbsp;provino de la regi&oacute;n de [&hellip;]\" \/>\n<meta property=\"og:url\" content=\"https:\/\/extractivas.propuestaciudadana.org.pe\/reporte-2022\/generacion-renta-sector-extractivo\/generacion-renta-hidrocarburo\/vph\/\" \/>\n<meta property=\"og:site_name\" content=\"Reporte N\u00ba26\" \/>\n<meta property=\"article:modified_time\" content=\"2023-12-27T17:59:28+00:00\" \/>\n<meta name=\"twitter:card\" content=\"summary_large_image\" \/>\n<meta name=\"twitter:label1\" content=\"Tiempo de lectura\" \/>\n\t<meta name=\"twitter:data1\" content=\"1 minuto\" \/>\n<script type=\"application\/ld+json\" class=\"yoast-schema-graph\">{\"@context\":\"https:\/\/schema.org\",\"@graph\":[{\"@type\":\"WebPage\",\"@id\":\"https:\/\/extractivas.propuestaciudadana.org.pe\/reporte-2022\/generacion-renta-sector-extractivo\/generacion-renta-hidrocarburo\/vph\/\",\"url\":\"https:\/\/extractivas.propuestaciudadana.org.pe\/reporte-2022\/generacion-renta-sector-extractivo\/generacion-renta-hidrocarburo\/vph\/\",\"name\":\"Reporte N\u00ba26 - 2.4. El valor de la producci\u00f3n de hidrocarburos\",\"isPartOf\":{\"@id\":\"https:\/\/extractivas.propuestaciudadana.org.pe\/reporte-2022\/#website\"},\"datePublished\":\"2023-12-09T13:31:19+00:00\",\"dateModified\":\"2023-12-27T17:59:28+00:00\",\"breadcrumb\":{\"@id\":\"https:\/\/extractivas.propuestaciudadana.org.pe\/reporte-2022\/generacion-renta-sector-extractivo\/generacion-renta-hidrocarburo\/vph\/#breadcrumb\"},\"inLanguage\":\"es\",\"potentialAction\":[{\"@type\":\"ReadAction\",\"target\":[\"https:\/\/extractivas.propuestaciudadana.org.pe\/reporte-2022\/generacion-renta-sector-extractivo\/generacion-renta-hidrocarburo\/vph\/\"]}]},{\"@type\":\"BreadcrumbList\",\"@id\":\"https:\/\/extractivas.propuestaciudadana.org.pe\/reporte-2022\/generacion-renta-sector-extractivo\/generacion-renta-hidrocarburo\/vph\/#breadcrumb\",\"itemListElement\":[{\"@type\":\"ListItem\",\"position\":1,\"name\":\"II. Generaci\u00f3n de la renta en el sector extractivo\",\"item\":\"https:\/\/extractivas.propuestaciudadana.org.pe\/reporte-2022\/generacion-renta-sector-extractivo\/\"},{\"@type\":\"ListItem\",\"position\":2,\"name\":\"2. La generaci\u00f3n de renta de los hidrocarburos\",\"item\":\"https:\/\/extractivas.propuestaciudadana.org.pe\/reporte-2022\/generacion-renta-sector-extractivo\/generacion-renta-hidrocarburo\/\"},{\"@type\":\"ListItem\",\"position\":3,\"name\":\"2.4. El valor de la producci\u00f3n de hidrocarburos\"}]},{\"@type\":\"WebSite\",\"@id\":\"https:\/\/extractivas.propuestaciudadana.org.pe\/reporte-2022\/#website\",\"url\":\"https:\/\/extractivas.propuestaciudadana.org.pe\/reporte-2022\/\",\"name\":\"Reporte N\u00ba26\",\"description\":\"\",\"potentialAction\":[{\"@type\":\"SearchAction\",\"target\":{\"@type\":\"EntryPoint\",\"urlTemplate\":\"https:\/\/extractivas.propuestaciudadana.org.pe\/reporte-2022\/?s={search_term_string}\"},\"query-input\":{\"@type\":\"PropertyValueSpecification\",\"valueRequired\":true,\"valueName\":\"search_term_string\"}}],\"inLanguage\":\"es\"}]}<\/script>\n<!-- \/ Yoast SEO plugin. -->","yoast_head_json":{"title":"Reporte N\u00ba26 - 2.4. El valor de la producci\u00f3n de hidrocarburos","robots":{"index":"index","follow":"follow","max-snippet":"max-snippet:-1","max-image-preview":"max-image-preview:large","max-video-preview":"max-video-preview:-1"},"canonical":"https:\/\/extractivas.propuestaciudadana.org.pe\/reporte-2022\/generacion-renta-sector-extractivo\/generacion-renta-hidrocarburo\/vph\/","og_locale":"es_ES","og_type":"article","og_title":"Reporte N\u00ba26 - 2.4. El valor de la producci\u00f3n de hidrocarburos","og_description":"El&nbsp;valor de la producci&oacute;n de hidrocarburos (VPH)&nbsp;correspondiente al 2021 sum&oacute; S\/ 16,331, lo cual representa la segunda estimaci&oacute;n m&aacute;s alta registrada de este indicador y es superior en 145 % frente a la cifra del 2020. Valor de la producci&oacute;n de hidrocarburos seg&uacute;n regi&oacute;n En el 2021, el mayor aporte al&nbsp;VPH&nbsp;provino de la regi&oacute;n de [&hellip;]","og_url":"https:\/\/extractivas.propuestaciudadana.org.pe\/reporte-2022\/generacion-renta-sector-extractivo\/generacion-renta-hidrocarburo\/vph\/","og_site_name":"Reporte N\u00ba26","article_modified_time":"2023-12-27T17:59:28+00:00","twitter_card":"summary_large_image","twitter_misc":{"Tiempo de lectura":"1 minuto"},"schema":{"@context":"https:\/\/schema.org","@graph":[{"@type":"WebPage","@id":"https:\/\/extractivas.propuestaciudadana.org.pe\/reporte-2022\/generacion-renta-sector-extractivo\/generacion-renta-hidrocarburo\/vph\/","url":"https:\/\/extractivas.propuestaciudadana.org.pe\/reporte-2022\/generacion-renta-sector-extractivo\/generacion-renta-hidrocarburo\/vph\/","name":"Reporte N\u00ba26 - 2.4. El valor de la producci\u00f3n de hidrocarburos","isPartOf":{"@id":"https:\/\/extractivas.propuestaciudadana.org.pe\/reporte-2022\/#website"},"datePublished":"2023-12-09T13:31:19+00:00","dateModified":"2023-12-27T17:59:28+00:00","breadcrumb":{"@id":"https:\/\/extractivas.propuestaciudadana.org.pe\/reporte-2022\/generacion-renta-sector-extractivo\/generacion-renta-hidrocarburo\/vph\/#breadcrumb"},"inLanguage":"es","potentialAction":[{"@type":"ReadAction","target":["https:\/\/extractivas.propuestaciudadana.org.pe\/reporte-2022\/generacion-renta-sector-extractivo\/generacion-renta-hidrocarburo\/vph\/"]}]},{"@type":"BreadcrumbList","@id":"https:\/\/extractivas.propuestaciudadana.org.pe\/reporte-2022\/generacion-renta-sector-extractivo\/generacion-renta-hidrocarburo\/vph\/#breadcrumb","itemListElement":[{"@type":"ListItem","position":1,"name":"II. Generaci\u00f3n de la renta en el sector extractivo","item":"https:\/\/extractivas.propuestaciudadana.org.pe\/reporte-2022\/generacion-renta-sector-extractivo\/"},{"@type":"ListItem","position":2,"name":"2. La generaci\u00f3n de renta de los hidrocarburos","item":"https:\/\/extractivas.propuestaciudadana.org.pe\/reporte-2022\/generacion-renta-sector-extractivo\/generacion-renta-hidrocarburo\/"},{"@type":"ListItem","position":3,"name":"2.4. El valor de la producci\u00f3n de hidrocarburos"}]},{"@type":"WebSite","@id":"https:\/\/extractivas.propuestaciudadana.org.pe\/reporte-2022\/#website","url":"https:\/\/extractivas.propuestaciudadana.org.pe\/reporte-2022\/","name":"Reporte N\u00ba26","description":"","potentialAction":[{"@type":"SearchAction","target":{"@type":"EntryPoint","urlTemplate":"https:\/\/extractivas.propuestaciudadana.org.pe\/reporte-2022\/?s={search_term_string}"},"query-input":{"@type":"PropertyValueSpecification","valueRequired":true,"valueName":"search_term_string"}}],"inLanguage":"es"}]}},"_links":{"self":[{"href":"https:\/\/extractivas.propuestaciudadana.org.pe\/reporte-2022\/wp-json\/wp\/v2\/pages\/140","targetHints":{"allow":["GET"]}}],"collection":[{"href":"https:\/\/extractivas.propuestaciudadana.org.pe\/reporte-2022\/wp-json\/wp\/v2\/pages"}],"about":[{"href":"https:\/\/extractivas.propuestaciudadana.org.pe\/reporte-2022\/wp-json\/wp\/v2\/types\/page"}],"author":[{"embeddable":true,"href":"https:\/\/extractivas.propuestaciudadana.org.pe\/reporte-2022\/wp-json\/wp\/v2\/users\/1"}],"replies":[{"embeddable":true,"href":"https:\/\/extractivas.propuestaciudadana.org.pe\/reporte-2022\/wp-json\/wp\/v2\/comments?post=140"}],"version-history":[{"count":4,"href":"https:\/\/extractivas.propuestaciudadana.org.pe\/reporte-2022\/wp-json\/wp\/v2\/pages\/140\/revisions"}],"predecessor-version":[{"id":534,"href":"https:\/\/extractivas.propuestaciudadana.org.pe\/reporte-2022\/wp-json\/wp\/v2\/pages\/140\/revisions\/534"}],"up":[{"embeddable":true,"href":"https:\/\/extractivas.propuestaciudadana.org.pe\/reporte-2022\/wp-json\/wp\/v2\/pages\/118"}],"wp:attachment":[{"href":"https:\/\/extractivas.propuestaciudadana.org.pe\/reporte-2022\/wp-json\/wp\/v2\/media?parent=140"}],"curies":[{"name":"wp","href":"https:\/\/api.w.org\/{rel}","templated":true}]}}