{"id":322,"date":"2023-12-26T00:16:32","date_gmt":"2023-12-26T05:16:32","guid":{"rendered":"https:\/\/extractivas.propuestaciudadana.org.pe\/reporte-n-2026\/grafico\/g33\/"},"modified":"2025-04-21T09:48:49","modified_gmt":"2025-04-21T14:48:49","slug":"renta-extractiva-capturada-por-el-estado-como-proporcion-del-vph-y-del-vpm-2010-2022","status":"publish","type":"grafico","link":"https:\/\/extractivas.propuestaciudadana.org.pe\/reporte-n-2026\/grafico\/renta-extractiva-capturada-por-el-estado-como-proporcion-del-vph-y-del-vpm-2010-2022\/","title":{"rendered":"Renta extractiva capturada por el Estado como proporci\u00f3n del VPH y del VPM, 2010-2022"},"content":{"rendered":"\r\n<div class=\"wp-block-group grafica\"><div class=\"wp-block-group__inner-container is-layout-constrained wp-block-group-is-layout-constrained\">\r\n<h4 class=\"wp-block-heading has-text-align-center\">Renta extractiva capturada por el Estado como proporci\u00f3n del VPH y del VPM, 2010-2021<\/h4>\r\n\r\n\r\n\r\n<figure class=\"wp-block-image size-large\"><img loading=\"lazy\" decoding=\"async\" width=\"1200\" height=\"454\" class=\"wp-image-157\" src=\"https:\/\/extractivas.propuestaciudadana.org.pe\/reporte-n-2026\/wp-content\/uploads\/sites\/6\/2023\/12\/ii-3-3-1200x454.png\" alt=\"\" srcset=\"https:\/\/extractivas.propuestaciudadana.org.pe\/reporte-n-2026\/wp-content\/uploads\/sites\/6\/2023\/12\/ii-3-3-1200x454.png 1200w, https:\/\/extractivas.propuestaciudadana.org.pe\/reporte-n-2026\/wp-content\/uploads\/sites\/6\/2023\/12\/ii-3-3-600x227.png 600w, https:\/\/extractivas.propuestaciudadana.org.pe\/reporte-n-2026\/wp-content\/uploads\/sites\/6\/2023\/12\/ii-3-3-768x291.png 768w, https:\/\/extractivas.propuestaciudadana.org.pe\/reporte-n-2026\/wp-content\/uploads\/sites\/6\/2023\/12\/ii-3-3-1536x581.png 1536w, https:\/\/extractivas.propuestaciudadana.org.pe\/reporte-n-2026\/wp-content\/uploads\/sites\/6\/2023\/12\/ii-3-3.png 1929w\" sizes=\"auto, (max-width: 1200px) 100vw, 1200px\" \/><\/figure>\r\n\r\n\r\n\r\n<div class=\"wp-block-group fuente\"><div class=\"wp-block-group__inner-container is-layout-constrained wp-block-group-is-layout-constrained\">\r\n<p class=\"has-text-align-right\">Fuente: PERUPETRO, Ministerio de Energ\u00eda y Minas (Minem) y Superintendencia Nacional de Aduanas y de Administraci\u00f3n Tributaria (Sunat). Elaboraci\u00f3n: GPC.<\/p>\r\n\r\n\r\n\r\n<p class=\"has-text-align-right\">Datos VPM del 2021 son preliminares.<\/p>\r\n\r\n\r\n\r\n<div class=\"wp-block-buttons is-content-justification-right is-layout-flex wp-container-core-buttons-is-layout-765c4724 wp-block-buttons-is-layout-flex\">\r\n<div class=\"wp-block-button\"><a class=\"wp-block-button__link has-text-align-right wp-element-button\" href=\"https:\/\/extractivas.propuestaciudadana.org.pe\/data\/2022\/g33.xlsx\" target=\"_blank\" rel=\"noreferrer noopener\">Datos<\/a><\/div>\r\n<\/div>\r\n<\/div><\/div>\r\n<\/div><\/div>\r\n","protected":false},"excerpt":{"rendered":"<p>Renta extractiva capturada por el Estado como proporci\u00f3n del VPH y del VPM, 2010-2021 Fuente: PERUPETRO, Ministerio de Energ\u00eda y Minas (Minem) y Superintendencia Nacional de Aduanas y de Administraci\u00f3n Tributaria (Sunat). Elaboraci\u00f3n: GPC. Datos VPM del 2021 son preliminares.<\/p>\n","protected":false},"featured_media":0,"template":"","class_list":["post-322","grafico","type-grafico","status-publish","hentry"],"acf":[],"yoast_head":"<!-- This site is optimized with the Yoast SEO plugin v25.5 - https:\/\/yoast.com\/wordpress\/plugins\/seo\/ -->\n<title>Renta extractiva capturada por el Estado como proporci\u00f3n del VPH y del VPM, 2010-2022 - Reporte N\u00b026<\/title>\n<meta name=\"robots\" content=\"index, follow, max-snippet:-1, max-image-preview:large, max-video-preview:-1\" \/>\n<link rel=\"canonical\" href=\"https:\/\/extractivas.propuestaciudadana.org.pe\/reporte-n-2026\/grafico\/renta-extractiva-capturada-por-el-estado-como-proporcion-del-vph-y-del-vpm-2010-2022\/\" \/>\n<meta property=\"og:locale\" content=\"es_ES\" \/>\n<meta property=\"og:type\" content=\"article\" \/>\n<meta property=\"og:title\" content=\"Renta extractiva capturada por el Estado como proporci\u00f3n del VPH y del VPM, 2010-2022 - Reporte N\u00b026\" \/>\n<meta property=\"og:description\" content=\"Renta extractiva capturada por el Estado como proporci\u00f3n del VPH y del VPM, 2010-2021 Fuente: PERUPETRO, Ministerio de Energ\u00eda y Minas (Minem) y Superintendencia Nacional de Aduanas y de Administraci\u00f3n Tributaria (Sunat). Elaboraci\u00f3n: GPC. Datos VPM del 2021 son preliminares.\" \/>\n<meta property=\"og:url\" content=\"https:\/\/extractivas.propuestaciudadana.org.pe\/reporte-n-2026\/grafico\/renta-extractiva-capturada-por-el-estado-como-proporcion-del-vph-y-del-vpm-2010-2022\/\" \/>\n<meta property=\"og:site_name\" content=\"Reporte N\u00b026\" \/>\n<meta property=\"article:modified_time\" content=\"2025-04-21T14:48:49+00:00\" \/>\n<meta property=\"og:image\" content=\"https:\/\/extractivas.propuestaciudadana.org.pe\/reporte-n-2026\/wp-content\/uploads\/sites\/6\/2023\/12\/ii-3-3-1200x454.png\" \/>\n<meta name=\"twitter:card\" content=\"summary_large_image\" \/>\n<meta name=\"twitter:label1\" content=\"Tiempo de lectura\" \/>\n\t<meta name=\"twitter:data1\" content=\"1 minuto\" \/>\n<script type=\"application\/ld+json\" class=\"yoast-schema-graph\">{\"@context\":\"https:\/\/schema.org\",\"@graph\":[{\"@type\":\"WebPage\",\"@id\":\"https:\/\/extractivas.propuestaciudadana.org.pe\/reporte-n-2026\/grafico\/renta-extractiva-capturada-por-el-estado-como-proporcion-del-vph-y-del-vpm-2010-2022\/\",\"url\":\"https:\/\/extractivas.propuestaciudadana.org.pe\/reporte-n-2026\/grafico\/renta-extractiva-capturada-por-el-estado-como-proporcion-del-vph-y-del-vpm-2010-2022\/\",\"name\":\"Renta extractiva capturada por el Estado como proporci\u00f3n del VPH y del VPM, 2010-2022 - Reporte N\u00b026\",\"isPartOf\":{\"@id\":\"https:\/\/extractivas.propuestaciudadana.org.pe\/reporte-n-2026\/#website\"},\"primaryImageOfPage\":{\"@id\":\"https:\/\/extractivas.propuestaciudadana.org.pe\/reporte-n-2026\/grafico\/renta-extractiva-capturada-por-el-estado-como-proporcion-del-vph-y-del-vpm-2010-2022\/#primaryimage\"},\"image\":{\"@id\":\"https:\/\/extractivas.propuestaciudadana.org.pe\/reporte-n-2026\/grafico\/renta-extractiva-capturada-por-el-estado-como-proporcion-del-vph-y-del-vpm-2010-2022\/#primaryimage\"},\"thumbnailUrl\":\"https:\/\/extractivas.propuestaciudadana.org.pe\/reporte-n-2026\/wp-content\/uploads\/sites\/6\/2023\/12\/ii-3-3-1200x454.png\",\"datePublished\":\"2023-12-26T05:16:32+00:00\",\"dateModified\":\"2025-04-21T14:48:49+00:00\",\"inLanguage\":\"es\",\"potentialAction\":[{\"@type\":\"ReadAction\",\"target\":[\"https:\/\/extractivas.propuestaciudadana.org.pe\/reporte-n-2026\/grafico\/renta-extractiva-capturada-por-el-estado-como-proporcion-del-vph-y-del-vpm-2010-2022\/\"]}]},{\"@type\":\"ImageObject\",\"inLanguage\":\"es\",\"@id\":\"https:\/\/extractivas.propuestaciudadana.org.pe\/reporte-n-2026\/grafico\/renta-extractiva-capturada-por-el-estado-como-proporcion-del-vph-y-del-vpm-2010-2022\/#primaryimage\",\"url\":\"https:\/\/extractivas.propuestaciudadana.org.pe\/reporte-n-2026\/wp-content\/uploads\/sites\/6\/2023\/12\/ii-3-3.png\",\"contentUrl\":\"https:\/\/extractivas.propuestaciudadana.org.pe\/reporte-n-2026\/wp-content\/uploads\/sites\/6\/2023\/12\/ii-3-3.png\",\"width\":1929,\"height\":730},{\"@type\":\"WebSite\",\"@id\":\"https:\/\/extractivas.propuestaciudadana.org.pe\/reporte-n-2026\/#website\",\"url\":\"https:\/\/extractivas.propuestaciudadana.org.pe\/reporte-n-2026\/\",\"name\":\"Reporte N\u00b026\",\"description\":\"\",\"potentialAction\":[{\"@type\":\"SearchAction\",\"target\":{\"@type\":\"EntryPoint\",\"urlTemplate\":\"https:\/\/extractivas.propuestaciudadana.org.pe\/reporte-n-2026\/?s={search_term_string}\"},\"query-input\":{\"@type\":\"PropertyValueSpecification\",\"valueRequired\":true,\"valueName\":\"search_term_string\"}}],\"inLanguage\":\"es\"}]}<\/script>\n<!-- \/ Yoast SEO plugin. -->","yoast_head_json":{"title":"Renta extractiva capturada por el Estado como proporci\u00f3n del VPH y del VPM, 2010-2022 - Reporte N\u00b026","robots":{"index":"index","follow":"follow","max-snippet":"max-snippet:-1","max-image-preview":"max-image-preview:large","max-video-preview":"max-video-preview:-1"},"canonical":"https:\/\/extractivas.propuestaciudadana.org.pe\/reporte-n-2026\/grafico\/renta-extractiva-capturada-por-el-estado-como-proporcion-del-vph-y-del-vpm-2010-2022\/","og_locale":"es_ES","og_type":"article","og_title":"Renta extractiva capturada por el Estado como proporci\u00f3n del VPH y del VPM, 2010-2022 - Reporte N\u00b026","og_description":"Renta extractiva capturada por el Estado como proporci\u00f3n del VPH y del VPM, 2010-2021 Fuente: PERUPETRO, Ministerio de Energ\u00eda y Minas (Minem) y Superintendencia Nacional de Aduanas y de Administraci\u00f3n Tributaria (Sunat). Elaboraci\u00f3n: GPC. Datos VPM del 2021 son preliminares.","og_url":"https:\/\/extractivas.propuestaciudadana.org.pe\/reporte-n-2026\/grafico\/renta-extractiva-capturada-por-el-estado-como-proporcion-del-vph-y-del-vpm-2010-2022\/","og_site_name":"Reporte N\u00b026","article_modified_time":"2025-04-21T14:48:49+00:00","og_image":[{"url":"https:\/\/extractivas.propuestaciudadana.org.pe\/reporte-n-2026\/wp-content\/uploads\/sites\/6\/2023\/12\/ii-3-3-1200x454.png","type":"","width":"","height":""}],"twitter_card":"summary_large_image","twitter_misc":{"Tiempo de lectura":"1 minuto"},"schema":{"@context":"https:\/\/schema.org","@graph":[{"@type":"WebPage","@id":"https:\/\/extractivas.propuestaciudadana.org.pe\/reporte-n-2026\/grafico\/renta-extractiva-capturada-por-el-estado-como-proporcion-del-vph-y-del-vpm-2010-2022\/","url":"https:\/\/extractivas.propuestaciudadana.org.pe\/reporte-n-2026\/grafico\/renta-extractiva-capturada-por-el-estado-como-proporcion-del-vph-y-del-vpm-2010-2022\/","name":"Renta extractiva capturada por el Estado como proporci\u00f3n del VPH y del VPM, 2010-2022 - Reporte N\u00b026","isPartOf":{"@id":"https:\/\/extractivas.propuestaciudadana.org.pe\/reporte-n-2026\/#website"},"primaryImageOfPage":{"@id":"https:\/\/extractivas.propuestaciudadana.org.pe\/reporte-n-2026\/grafico\/renta-extractiva-capturada-por-el-estado-como-proporcion-del-vph-y-del-vpm-2010-2022\/#primaryimage"},"image":{"@id":"https:\/\/extractivas.propuestaciudadana.org.pe\/reporte-n-2026\/grafico\/renta-extractiva-capturada-por-el-estado-como-proporcion-del-vph-y-del-vpm-2010-2022\/#primaryimage"},"thumbnailUrl":"https:\/\/extractivas.propuestaciudadana.org.pe\/reporte-n-2026\/wp-content\/uploads\/sites\/6\/2023\/12\/ii-3-3-1200x454.png","datePublished":"2023-12-26T05:16:32+00:00","dateModified":"2025-04-21T14:48:49+00:00","inLanguage":"es","potentialAction":[{"@type":"ReadAction","target":["https:\/\/extractivas.propuestaciudadana.org.pe\/reporte-n-2026\/grafico\/renta-extractiva-capturada-por-el-estado-como-proporcion-del-vph-y-del-vpm-2010-2022\/"]}]},{"@type":"ImageObject","inLanguage":"es","@id":"https:\/\/extractivas.propuestaciudadana.org.pe\/reporte-n-2026\/grafico\/renta-extractiva-capturada-por-el-estado-como-proporcion-del-vph-y-del-vpm-2010-2022\/#primaryimage","url":"https:\/\/extractivas.propuestaciudadana.org.pe\/reporte-n-2026\/wp-content\/uploads\/sites\/6\/2023\/12\/ii-3-3.png","contentUrl":"https:\/\/extractivas.propuestaciudadana.org.pe\/reporte-n-2026\/wp-content\/uploads\/sites\/6\/2023\/12\/ii-3-3.png","width":1929,"height":730},{"@type":"WebSite","@id":"https:\/\/extractivas.propuestaciudadana.org.pe\/reporte-n-2026\/#website","url":"https:\/\/extractivas.propuestaciudadana.org.pe\/reporte-n-2026\/","name":"Reporte N\u00b026","description":"","potentialAction":[{"@type":"SearchAction","target":{"@type":"EntryPoint","urlTemplate":"https:\/\/extractivas.propuestaciudadana.org.pe\/reporte-n-2026\/?s={search_term_string}"},"query-input":{"@type":"PropertyValueSpecification","valueRequired":true,"valueName":"search_term_string"}}],"inLanguage":"es"}]}},"_links":{"self":[{"href":"https:\/\/extractivas.propuestaciudadana.org.pe\/reporte-n-2026\/wp-json\/wp\/v2\/grafico\/322","targetHints":{"allow":["GET"]}}],"collection":[{"href":"https:\/\/extractivas.propuestaciudadana.org.pe\/reporte-n-2026\/wp-json\/wp\/v2\/grafico"}],"about":[{"href":"https:\/\/extractivas.propuestaciudadana.org.pe\/reporte-n-2026\/wp-json\/wp\/v2\/types\/grafico"}],"wp:attachment":[{"href":"https:\/\/extractivas.propuestaciudadana.org.pe\/reporte-n-2026\/wp-json\/wp\/v2\/media?parent=322"}],"curies":[{"name":"wp","href":"https:\/\/api.w.org\/{rel}","templated":true}]}}

Renta extractiva capturada por el Estado como proporción del VPH y del VPM, 2010-2022

<div class="wp-block-group grafica"><div class="wp-block-group__inner-container is-layout-constrained wp-block-group-is-layout-constrained">
<h4 class="wp-block-heading has-text-align-center">Renta extractiva capturada por el Estado como proporción del VPH y del VPM, 2010-2021</h4>



<figure class="wp-block-image size-large"><img loading="lazy" decoding="async" width="1200" height="454" class="wp-image-157" src="https://extractivas.propuestaciudadana.org.pe/reporte-n-2026/wp-content/uploads/sites/6/2023/12/ii-3-3-1200x454.png" alt="" srcset="https://extractivas.propuestaciudadana.org.pe/reporte-n-2026/wp-content/uploads/sites/6/2023/12/ii-3-3-1200x454.png 1200w, https://extractivas.propuestaciudadana.org.pe/reporte-n-2026/wp-content/uploads/sites/6/2023/12/ii-3-3-600x227.png 600w, https://extractivas.propuestaciudadana.org.pe/reporte-n-2026/wp-content/uploads/sites/6/2023/12/ii-3-3-768x291.png 768w, https://extractivas.propuestaciudadana.org.pe/reporte-n-2026/wp-content/uploads/sites/6/2023/12/ii-3-3-1536x581.png 1536w, https://extractivas.propuestaciudadana.org.pe/reporte-n-2026/wp-content/uploads/sites/6/2023/12/ii-3-3.png 1929w" sizes="auto, (max-width: 1200px) 100vw, 1200px" /></figure>



<div class="wp-block-group fuente"><div class="wp-block-group__inner-container is-layout-constrained wp-block-group-is-layout-constrained">
<p class="has-text-align-right">Fuente: PERUPETRO, Ministerio de Energía y Minas (Minem) y Superintendencia Nacional de Aduanas y de Administración Tributaria (Sunat). Elaboración: GPC.</p>



<p class="has-text-align-right">Datos VPM del 2021 son preliminares.</p>



<div class="wp-block-buttons is-content-justification-right is-layout-flex wp-container-core-buttons-is-layout-765c4724 wp-block-buttons-is-layout-flex">
<div class="wp-block-button"><a class="wp-block-button__link has-text-align-right wp-element-button" href="https://extractivas.propuestaciudadana.org.pe/data/2022/g33.xlsx" target="_blank" rel="noreferrer noopener">Datos</a></div>
</div>
</div></div>
</div></div>

<p>Renta extractiva capturada por el Estado como proporción del VPH y del VPM, 2010-2021 Fuente: PERUPETRO, Ministerio de Energía y Minas (Minem) y Superintendencia Nacional de Aduanas y de Administración Tributaria (Sunat). Elaboración: GPC. Datos VPM del 2021 son preliminares.</p>

<!-- This site is optimized with the Yoast SEO plugin v25.5 - https://yoast.com/wordpress/plugins/seo/ -->
<title>Renta extractiva capturada por el Estado como proporción del VPH y del VPM, 2010-2022 - Reporte N°26</title>
<meta name="robots" content="index, follow, max-snippet:-1, max-image-preview:large, max-video-preview:-1" />
<link rel="canonical" href="https://extractivas.propuestaciudadana.org.pe/reporte-n-2026/grafico/renta-extractiva-capturada-por-el-estado-como-proporcion-del-vph-y-del-vpm-2010-2022/" />
<meta property="og:locale" content="es_ES" />
<meta property="og:type" content="article" />
<meta property="og:title" content="Renta extractiva capturada por el Estado como proporción del VPH y del VPM, 2010-2022 - Reporte N°26" />
<meta property="og:description" content="Renta extractiva capturada por el Estado como proporción del VPH y del VPM, 2010-2021 Fuente: PERUPETRO, Ministerio de Energía y Minas (Minem) y Superintendencia Nacional de Aduanas y de Administración Tributaria (Sunat). Elaboración: GPC. Datos VPM del 2021 son preliminares." />
<meta property="og:url" content="https://extractivas.propuestaciudadana.org.pe/reporte-n-2026/grafico/renta-extractiva-capturada-por-el-estado-como-proporcion-del-vph-y-del-vpm-2010-2022/" />
<meta property="og:site_name" content="Reporte N°26" />
<meta property="article:modified_time" content="2025-04-21T14:48:49+00:00" />
<meta property="og:image" content="https://extractivas.propuestaciudadana.org.pe/reporte-n-2026/wp-content/uploads/sites/6/2023/12/ii-3-3-1200x454.png" />
<meta name="twitter:card" content="summary_large_image" />
<meta name="twitter:label1" content="Tiempo de lectura" />
	<meta name="twitter:data1" content="1 minuto" />
<script type="application/ld+json" class="yoast-schema-graph">{"@context":"https://schema.org","@graph":[{"@type":"WebPage","@id":"https://extractivas.propuestaciudadana.org.pe/reporte-n-2026/grafico/renta-extractiva-capturada-por-el-estado-como-proporcion-del-vph-y-del-vpm-2010-2022/","url":"https://extractivas.propuestaciudadana.org.pe/reporte-n-2026/grafico/renta-extractiva-capturada-por-el-estado-como-proporcion-del-vph-y-del-vpm-2010-2022/","name":"Renta extractiva capturada por el Estado como proporción del VPH y del VPM, 2010-2022 - Reporte N°26","isPartOf":{"@id":"https://extractivas.propuestaciudadana.org.pe/reporte-n-2026/#website"},"primaryImageOfPage":{"@id":"https://extractivas.propuestaciudadana.org.pe/reporte-n-2026/grafico/renta-extractiva-capturada-por-el-estado-como-proporcion-del-vph-y-del-vpm-2010-2022/#primaryimage"},"image":{"@id":"https://extractivas.propuestaciudadana.org.pe/reporte-n-2026/grafico/renta-extractiva-capturada-por-el-estado-como-proporcion-del-vph-y-del-vpm-2010-2022/#primaryimage"},"thumbnailUrl":"https://extractivas.propuestaciudadana.org.pe/reporte-n-2026/wp-content/uploads/sites/6/2023/12/ii-3-3-1200x454.png","datePublished":"2023-12-26T05:16:32+00:00","dateModified":"2025-04-21T14:48:49+00:00","inLanguage":"es","potentialAction":[{"@type":"ReadAction","target":["https://extractivas.propuestaciudadana.org.pe/reporte-n-2026/grafico/renta-extractiva-capturada-por-el-estado-como-proporcion-del-vph-y-del-vpm-2010-2022/"]}]},{"@type":"ImageObject","inLanguage":"es","@id":"https://extractivas.propuestaciudadana.org.pe/reporte-n-2026/grafico/renta-extractiva-capturada-por-el-estado-como-proporcion-del-vph-y-del-vpm-2010-2022/#primaryimage","url":"https://extractivas.propuestaciudadana.org.pe/reporte-n-2026/wp-content/uploads/sites/6/2023/12/ii-3-3.png","contentUrl":"https://extractivas.propuestaciudadana.org.pe/reporte-n-2026/wp-content/uploads/sites/6/2023/12/ii-3-3.png","width":1929,"height":730},{"@type":"WebSite","@id":"https://extractivas.propuestaciudadana.org.pe/reporte-n-2026/#website","url":"https://extractivas.propuestaciudadana.org.pe/reporte-n-2026/","name":"Reporte N°26","description":"","potentialAction":[{"@type":"SearchAction","target":{"@type":"EntryPoint","urlTemplate":"https://extractivas.propuestaciudadana.org.pe/reporte-n-2026/?s={search_term_string}"},"query-input":{"@type":"PropertyValueSpecification","valueRequired":true,"valueName":"search_term_string"}}],"inLanguage":"es"}]}</script>
<!-- / Yoast SEO plugin. -->

Renta extractiva capturada por el Estado como proporción del VPH y del VPM, 2010-2022 - Reporte N°26

Renta extractiva capturada por el Estado como proporción del VPH y del VPM, 2010-2021 Fuente: PERUPETRO, Ministerio de Energía y Minas (Minem) y Superintendencia Nacional de Aduanas y de Administración Tributaria (Sunat). Elaboración: GPC. Datos VPM del 2021 son preliminares.
